101010010 (base 2) in base 7?
5315
What is 1010010000100 (base 2) in base 8?
12204
What is 20050 (base 9) in base 13?
5cbb
Convert -12122100 (base 3) to base 13.
-1b45
Convert -322421 (base 5) to base 14.
-400a
Convert 100001101101000 (base 2) to base 12.
9ba0
Convert -5151 (base 6) to base 5.
-14042
3155 (base 9) to base 4
210032
68576 (base 9) to base 4
23021220
-c00 (base 15) to base 7
-10605
What is -46b (base 13) in base 11?
-636
311133 (base 5) to base 2
10011110111000
What is 2c2 (base 14) in base 6?
2334
-234 (base 13) to base 9
-463
What is 1589 (base 15) in base 14?
1989
-31210 (base 4) to base 15
-3cd
Convert 1110001001 (base 2) to base 9.
1215
What is -10635 (base 8) in base 4?
-1012131
Convert 2404 (base 5) to base 8.
542
-3225 (base 9) to base 7
-6626
What is 111221 (base 3) in base 4?
11320
What is -10122222 (base 3) in base 8?
-5160
533 (base 6) to base 12
149
Convert -4b3f (base 16) to base 13.
-89ca
Convert -5ba (base 12) to base 4.
-31132
Convert 65342 (base 9) to base 6.
532232
What is -20 (base 6) in base 2?
-1100
Convert -14354 (base 12) to base 10.
-28144
Convert 111100011 (base 2) to base 12.
343
What is 6f2 (base 16) in base 12?
1042
Convert 36150 (base 7) to base 11.
7026
Convert 3431 (base 6) to base 15.
391
Convert -21100021 (base 3) to base 12.
-3121
What is 110100101 (base 2) in base 13?
265
What is 9a7 (base 11) in base 3?
1122200
-3040 (base 11) to base 2
-111111000101
What is -f1 (base 16) in base 6?
-1041
1401 (base 6) to base 14
1bb
-110200 (base 3) to base 8
-526
What is 11253 (base 8) in base 12?
2923
3332 (base 10) to base 11
255a
-115 (base 14) to base 10
-215
-5605 (base 9) to base 8
-10050
-743 (base 10) to base 7
-2111
What is 46420 (base 7) in base 11?
8a13
Convert 11201220 (base 3) to base 15.
1053
Convert -56643 (base 7) to base 5.
-430023
What is 1021012 (base 3) in base 15?
418
4125 (base 7) to base 6
10400
Convert -10011000 (base 4) to base 8.
-40500
-9297 (base 11) to base 10
-12327
Convert -1678 (base 11) to base 16.
-85e
Convert -47613 (base 9) to base 11.
-21a20
Convert -11001013 (base 4) to base 3.
-1001012011
3145 (base 6) to base 2
1011001001
82b (base 12) to base 14
60b
Convert 130001 (base 6) to base 16.
2d91
What is 125536 (base 9) in base 13?
28929
Convert -595 (base 10) to base 4.
-21103
What is 129a (base 14) in base 10?
3272
What is 8bd (base 14) in base 3?
2101021
What is 5b60 (base 16) in base 6?
300144
Convert 144 (base 12) to base 3.
21021
What is 9b (base 14) in base 12?
b5
What is -61312 (base 9) in base 7?
-225431
5220 (base 11) to base 4
1230013
-11033 (base 11) to base 16
-3e88
What is -1bdd (base 16) in base 12?
-4165
-5186 (base 10) to base 11
-3995
Convert -21203 (base 8) to base 15.
-2940
What is -b264 (base 12) in base 7?
-110323
Convert 4034 (base 5) to base 10.
519
What is -36e6 (base 16) in base 8?
-33346
What is 101130 (base 4) in base 7?
3153
1242212 (base 5) to base 11
175a9
-43222 (base 7) to base 12
-6277
-50136 (base 8) to base 2
-101000001011110
-2b (base 15) to base 14
-2d
What is -36250 (base 9) in base 5?
-1234024
Convert -14 (base 8) to base 7.
-15
Convert 3c5 (base 15) to base 11.
712
233111 (base 5) to base 3
102200222
Convert -13197 (base 13) to base 10.
-35445
What is -5507 (base 10) in base 4?
-1112003
What is -1075 (base 10) in base 13?
-649
Convert 456 (base 7) to base 9.
283
What is -12220 (base 6) in base 3?
-2111010
-10104 (base 6) to base 7
-3616
Convert -110000001100 (base 2) to base 3.
-11020020
Convert 5043 (base 10) to base 5.
130133
Convert -1b0f (base 16) to base 9.
-10446
Convert -26e (base 15) to base 4.
-20222
-1241 (base 8) to base 6
-3041
Convert 306 (base 8) to base 6.
530
What is -100211 (base 3) in base 9?
-324
Convert 4142 (base 9) to base 14.
116b
What is 11110100011 (base 2) in base 3?
2200102
What is -3412 (base 5) in base 6?
-2122
Convert -b7 (base 15) to base 14.
-c4
Convert -cb9 (base 13) to base 10.
-2180
What is -12c9 (base 14) in base 11?
-2542
What is -502103 (base 6) in base 3?
-1222222110
What is -1354 (base 13) in base 16?
-ad5
-1a9a (base 11) to base 10
-2650
-75150 (base 8) to base 13
-11356
11000112 (base 3) to base 4
231302
-313 (base 5) to base 2
-1010011
-b5 (base 12) to base 8
-211
What is -13301 (base 5) in base 2?
-10000110100
What is 582 (base 10) in base 11?
48a
Convert b8 (base 15) to base 3.
20102
1000102 (base 3) to base 13
44c
Convert -100122 (base 3) to base 12.
-198
Convert 1bad (base 14) to base 4.
1032331
What is -3a71 (base 12) in base 3?
-100012111
What is -626 (base 10) in base 4?
-21302
What is -2b605 (base 12) in base 3?
-10010011012
-390 (base 10) to base 15
-1b0
Convert 4648 (base 9) to base 4.
311312
What is -311230 (base 4) in base 7?
-13006
-b0b (base 15) to base 2
-100110110110
What is 13142 (base 5) in base 2?
10000010111
20300331 (base 4) to base 16
8c3d
Convert -282b (base 15) to base 8.
-20617
What is -57ba (base 13) in base 8?
-30041
Convert -366c (base 14) to base 13.
-4431
Convert 1df (base 16) to base 5.
3404
Convert 410214 (base 5) to base 16.
3380
Convert 4320 (base 6) to base 14.
504
-10101010 (base 2) to base 13
-101
What is 388 (base 13) in base 4?
21223
-477 (base 9) to base 5
-3034
Convert 43332 (base 5) to base 16.
b97
Convert 4231 (base 5) to base 8.
1066
Convert 648 (base 10) to base 8.
1210
-210122002 (base 3) to base 2
-11110110011010
-1420 (base 7) to base 12
-3a1
5a81 (base 15) to base 16
4b2e
6480 (base 9) to base 14
1a4a
What is -72 (base 8) in base 2?
-111010
-29a9 (base 14) to base 15
-22d6
Convert -1043544 (base 6) to base 8.
-146730
Convert 1a28 (base 12) to base 6.
22452
Convert 31133 (base 5) to base 14.
a5d
346 (base 7) to base 5
1211
What is -28058 (base 9) in base 5?
-1102012
Convert 1492 (base 10) to base 12.
a44
Convert -1000111110011101 (base 2) to base 15.
-ad60
What is -b85 (base 14) in base 11?
-1787
What is 1129 (base 10) in base 6?
5121
What is 3208 (base 10) in base 8?
6210
What is 231 (base 16) in base 10?
561
-352 (base 8) to base 9
-280
Convert -96 (base 16) to base 6.
-410
621 (base 16) to base 9
2133
Convert 1483 (base 15) to base 2.
1000100101110
What is 4322 (base 5) in base 13?
362
-226046 (base 8) to base 6
-1351422
What is -10085 (base 10) in base 12?
-5a05
125312 (base 7) to base 5
1222410
30a7 (base 11) to base 7
14661
Convert 33112 (base 4) to base 16.
3d6
-926b (base 12) to base 8
-37063
-3163 (base 9) to base 14
-bc1
What is -32571 (base 8) in base 16?
-3579
Convert -600 (base 13) to base 12.
-706
-15e (base 16) to base 12
-252
-11011011 (base 2) to base 14
-119
What is -107166 (base 9) in base 13?
-23358
-70 (base 10) to base 7
-130
-651 (base 8) to base 11
-357
Convert -3436 (base 7) to base 10.
-1252
What is -101111111110 (base 2) in base 11?
-2341
-3103 (base 4) to base 12
-157
12d0c (base 14) to base 16
b580
Convert -303 (base 13) to base 5.
-4020
What is -133143 (base 5) in base 2?
-1010100101111
Convert b91 (base 12) to base 3.
2022201
What is -217 (base 8) in base 10?
-143
What is -1001001 (base 2) in base 12?
-61
What is 7067 (base 11) in base 4?
2102232
7b77 (base 12) to base 10
13771
What is 2034203 (base 5) in base 16?
838e
Convert 13577 (base 9) to base 4.
2100013
41 (base 5) to base 15
16
What is 3141 (base 8) in base 6?
11321
What is 385 (base 15) in base 2?
1100100000
What is -1212 (base 7) in base 16?
-1c2
24040 (base 5) to base 4
123222
32402 (base 5) to base 11
1745
Convert -913 (base 14) to base 8.
-3365
Convert -244121 (base 6) to base 16.
-5491
22441 (base 5) to base 7
4504
Convert -624 (base 10) to base 9.
-763
Convert 13025 (base 7) to base 12.
1bb5
What is 1011100100011 (base 2) in base 4?
1130203
Convert -2304 (base 8) to base 15.
-565
20001 (base 3) to base 11
139
1714 (base 14) to base 6
31050
2ea (base 15) to base 12
47a
122112 (base 4) to base 6
11450
Convert 1376 (base 10) to base 3.
1212222
Convert 3182 (base 11) to base 9.
5681
Convert 1334 (base 6) to base 13.
208
-3537 (base 14) to base 3
-110201000
Convert -2ca (base 13) to base 4.
-13320
103141 (base 8) to base 4
20121201
What is 1001222 (base 3) in base 15?
372
110011110000 (base 2) to base 8
6360
Convert -208aa (base 13) to base 16.
-e4f6
-14957 (base 10) to base 12
-87a5
-11132302 (base 4) to base 6
-251534
21121230 (base 4) to base 9
57